{"id":4573,"date":"2024-08-09T12:31:15","date_gmt":"2024-08-09T11:31:15","guid":{"rendered":"https:\/\/www.mariventyachts.com\/fjord\/"},"modified":"2024-12-02T17:35:45","modified_gmt":"2024-12-02T17:35:45","slug":"fjord","status":"publish","type":"page","link":"https:\/\/www.mariventyachts.com\/de\/fjord\/","title":{"rendered":"Fjord"},"content":{"rendered":"<p>Jede FJORD verk\u00f6rpert das Beste aus drei Welten: Skandinavischer Purismus sorgt f\u00fcr eine starke Optik, mediterranes Savoir vivre liefert die Inspiration f\u00fcr die zahlreichen luxuri\u00f6sen Ausstattungsdetails, und deutsche Ingenieurskunst sorgt f\u00fcr herausragende Fahrdynamik, h\u00f6chste Sicherheit und Zuverl\u00e4ssigkeit sowie eine makellose Verarbeitung. Diese einzigartige DNA hat FJORD zum Prototypen des extravaganten Motorbootes gemacht &#8211; und zu einer internationalen Design-Ikone.<\/p>\n","protected":false},"excerpt":{"rendered":"<p>Jede FJORD verk\u00f6rpert das Beste aus drei Welten: Skandinavischer Purismus sorgt f\u00fcr eine starke Optik, mediterranes Savoir vivre liefert die Inspiration f\u00fcr die zahlreichen luxuri\u00f6sen Ausstattungsdetails, und deutsche Ingenieurskunst sorgt f\u00fcr herausragende Fahrdynamik, h\u00f6chste Sicherheit und Zuverl\u00e4ssigkeit sowie eine makellose Verarbeitung. Diese einzigartige DNA hat FJORD zum Prototypen des extravaganten Motorbootes gemacht &#8211; und zu&#8230;<\/p>\n","protected":false},"author":1,"featured_media":381,"parent":0,"menu_order":0,"comment_status":"closed","ping_status":"closed","template":"","meta":{"_acf_changed":false,"footnotes":""},"brand":[18],"brands-old":[176],"class_list":["post-4573","page","type-page","status-publish","has-post-thumbnail","hentry","brand-fjord","brands-old-fjord-old-models"],"acf":[],"yoast_head":"<!-- This site is optimized with the Yoast SEO plugin v27.5 - https:\/\/yoast.com\/product\/yoast-seo-wordpress\/ -->\n<title>Fjord - Marivent Yachts<\/title>\n<meta name=\"robots\" content=\"index, follow, max-snippet:-1, max-image-preview:large, max-video-preview:-1\" \/>\n<link rel=\"canonical\" href=\"https:\/\/www.mariventyachts.com\/de\/fjord\/\" \/>\n<meta property=\"og:locale\" content=\"de_DE\" \/>\n<meta property=\"og:type\" content=\"article\" \/>\n<meta property=\"og:title\" content=\"Fjord - Marivent Yachts\" \/>\n<meta property=\"og:description\" content=\"Jede FJORD verk\u00f6rpert das Beste aus drei Welten: Skandinavischer Purismus sorgt f\u00fcr eine starke Optik, mediterranes Savoir vivre liefert die Inspiration f\u00fcr die zahlreichen luxuri\u00f6sen Ausstattungsdetails, und deutsche Ingenieurskunst sorgt f\u00fcr herausragende Fahrdynamik, h\u00f6chste Sicherheit und Zuverl\u00e4ssigkeit sowie eine makellose Verarbeitung. Diese einzigartige DNA hat FJORD zum Prototypen des extravaganten Motorbootes gemacht &#8211; und zu...\" \/>\n<meta property=\"og:url\" content=\"https:\/\/www.mariventyachts.com\/de\/fjord\/\" \/>\n<meta property=\"og:site_name\" content=\"Marivent Yachts\" \/>\n<meta property=\"article:publisher\" content=\"https:\/\/www.facebook.com\/mariventyachts\/\" \/>\n<meta property=\"article:modified_time\" content=\"2024-12-02T17:35:45+00:00\" \/>\n<meta property=\"og:image\" content=\"https:\/\/www.mariventyachts.com\/wp-content\/uploads\/2024\/03\/fjord-mallorca-logo-2.png\" \/>\n\t<meta property=\"og:image:width\" content=\"575\" \/>\n\t<meta property=\"og:image:height\" content=\"142\" \/>\n\t<meta property=\"og:image:type\" content=\"image\/png\" \/>\n<meta name=\"twitter:card\" content=\"summary_large_image\" \/>\n<script type=\"application\/ld+json\" class=\"yoast-schema-graph\">{\"@context\":\"https:\\\/\\\/schema.org\",\"@graph\":[{\"@type\":\"WebPage\",\"@id\":\"https:\\\/\\\/www.mariventyachts.com\\\/de\\\/fjord\\\/\",\"url\":\"https:\\\/\\\/www.mariventyachts.com\\\/de\\\/fjord\\\/\",\"name\":\"Fjord - Marivent Yachts\",\"isPartOf\":{\"@id\":\"https:\\\/\\\/www.mariventyachts.com\\\/#website\"},\"primaryImageOfPage\":{\"@id\":\"https:\\\/\\\/www.mariventyachts.com\\\/de\\\/fjord\\\/#primaryimage\"},\"image\":{\"@id\":\"https:\\\/\\\/www.mariventyachts.com\\\/de\\\/fjord\\\/#primaryimage\"},\"thumbnailUrl\":\"https:\\\/\\\/www.mariventyachts.com\\\/wp-content\\\/uploads\\\/2024\\\/03\\\/fjord-mallorca-logo-2.png\",\"datePublished\":\"2024-08-09T11:31:15+00:00\",\"dateModified\":\"2024-12-02T17:35:45+00:00\",\"breadcrumb\":{\"@id\":\"https:\\\/\\\/www.mariventyachts.com\\\/de\\\/fjord\\\/#breadcrumb\"},\"inLanguage\":\"de\",\"potentialAction\":[{\"@type\":\"ReadAction\",\"target\":[\"https:\\\/\\\/www.mariventyachts.com\\\/de\\\/fjord\\\/\"]}]},{\"@type\":\"ImageObject\",\"inLanguage\":\"de\",\"@id\":\"https:\\\/\\\/www.mariventyachts.com\\\/de\\\/fjord\\\/#primaryimage\",\"url\":\"https:\\\/\\\/www.mariventyachts.com\\\/wp-content\\\/uploads\\\/2024\\\/03\\\/fjord-mallorca-logo-2.png\",\"contentUrl\":\"https:\\\/\\\/www.mariventyachts.com\\\/wp-content\\\/uploads\\\/2024\\\/03\\\/fjord-mallorca-logo-2.png\",\"width\":575,\"height\":142},{\"@type\":\"BreadcrumbList\",\"@id\":\"https:\\\/\\\/www.mariventyachts.com\\\/de\\\/fjord\\\/#breadcrumb\",\"itemListElement\":[{\"@type\":\"ListItem\",\"position\":1,\"name\":\"Home\",\"item\":\"https:\\\/\\\/www.mariventyachts.com\\\/de\\\/b\\\/\"},{\"@type\":\"ListItem\",\"position\":2,\"name\":\"Fjord\"}]},{\"@type\":\"WebSite\",\"@id\":\"https:\\\/\\\/www.mariventyachts.com\\\/#website\",\"url\":\"https:\\\/\\\/www.mariventyachts.com\\\/\",\"name\":\"Marivent Yachts\",\"description\":\"\",\"publisher\":{\"@id\":\"https:\\\/\\\/www.mariventyachts.com\\\/#organization\"},\"potentialAction\":[{\"@type\":\"SearchAction\",\"target\":{\"@type\":\"EntryPoint\",\"urlTemplate\":\"https:\\\/\\\/www.mariventyachts.com\\\/?s={search_term_string}\"},\"query-input\":{\"@type\":\"PropertyValueSpecification\",\"valueRequired\":true,\"valueName\":\"search_term_string\"}}],\"inLanguage\":\"de\"},{\"@type\":\"Organization\",\"@id\":\"https:\\\/\\\/www.mariventyachts.com\\\/#organization\",\"name\":\"Marivent Yachts\",\"url\":\"https:\\\/\\\/www.mariventyachts.com\\\/\",\"logo\":{\"@type\":\"ImageObject\",\"inLanguage\":\"de\",\"@id\":\"https:\\\/\\\/www.mariventyachts.com\\\/#\\\/schema\\\/logo\\\/image\\\/\",\"url\":\"https:\\\/\\\/www.mariventyachts.com\\\/wp-content\\\/uploads\\\/2024\\\/03\\\/marivent-site-icon.jpg\",\"contentUrl\":\"https:\\\/\\\/www.mariventyachts.com\\\/wp-content\\\/uploads\\\/2024\\\/03\\\/marivent-site-icon.jpg\",\"width\":512,\"height\":512,\"caption\":\"Marivent Yachts\"},\"image\":{\"@id\":\"https:\\\/\\\/www.mariventyachts.com\\\/#\\\/schema\\\/logo\\\/image\\\/\"},\"sameAs\":[\"https:\\\/\\\/www.facebook.com\\\/mariventyachts\\\/\",\"https:\\\/\\\/www.instagram.com\\\/mariventyachts\\\/\"]}]}<\/script>\n<!-- \/ Yoast SEO plugin. -->","yoast_head_json":{"title":"Fjord - Marivent Yachts","robots":{"index":"index","follow":"follow","max-snippet":"max-snippet:-1","max-image-preview":"max-image-preview:large","max-video-preview":"max-video-preview:-1"},"canonical":"https:\/\/www.mariventyachts.com\/de\/fjord\/","og_locale":"de_DE","og_type":"article","og_title":"Fjord - Marivent Yachts","og_description":"Jede FJORD verk\u00f6rpert das Beste aus drei Welten: Skandinavischer Purismus sorgt f\u00fcr eine starke Optik, mediterranes Savoir vivre liefert die Inspiration f\u00fcr die zahlreichen luxuri\u00f6sen Ausstattungsdetails, und deutsche Ingenieurskunst sorgt f\u00fcr herausragende Fahrdynamik, h\u00f6chste Sicherheit und Zuverl\u00e4ssigkeit sowie eine makellose Verarbeitung. Diese einzigartige DNA hat FJORD zum Prototypen des extravaganten Motorbootes gemacht &#8211; und zu...","og_url":"https:\/\/www.mariventyachts.com\/de\/fjord\/","og_site_name":"Marivent Yachts","article_publisher":"https:\/\/www.facebook.com\/mariventyachts\/","article_modified_time":"2024-12-02T17:35:45+00:00","og_image":[{"width":575,"height":142,"url":"https:\/\/www.mariventyachts.com\/wp-content\/uploads\/2024\/03\/fjord-mallorca-logo-2.png","type":"image\/png"}],"twitter_card":"summary_large_image","schema":{"@context":"https:\/\/schema.org","@graph":[{"@type":"WebPage","@id":"https:\/\/www.mariventyachts.com\/de\/fjord\/","url":"https:\/\/www.mariventyachts.com\/de\/fjord\/","name":"Fjord - Marivent Yachts","isPartOf":{"@id":"https:\/\/www.mariventyachts.com\/#website"},"primaryImageOfPage":{"@id":"https:\/\/www.mariventyachts.com\/de\/fjord\/#primaryimage"},"image":{"@id":"https:\/\/www.mariventyachts.com\/de\/fjord\/#primaryimage"},"thumbnailUrl":"https:\/\/www.mariventyachts.com\/wp-content\/uploads\/2024\/03\/fjord-mallorca-logo-2.png","datePublished":"2024-08-09T11:31:15+00:00","dateModified":"2024-12-02T17:35:45+00:00","breadcrumb":{"@id":"https:\/\/www.mariventyachts.com\/de\/fjord\/#breadcrumb"},"inLanguage":"de","potentialAction":[{"@type":"ReadAction","target":["https:\/\/www.mariventyachts.com\/de\/fjord\/"]}]},{"@type":"ImageObject","inLanguage":"de","@id":"https:\/\/www.mariventyachts.com\/de\/fjord\/#primaryimage","url":"https:\/\/www.mariventyachts.com\/wp-content\/uploads\/2024\/03\/fjord-mallorca-logo-2.png","contentUrl":"https:\/\/www.mariventyachts.com\/wp-content\/uploads\/2024\/03\/fjord-mallorca-logo-2.png","width":575,"height":142},{"@type":"BreadcrumbList","@id":"https:\/\/www.mariventyachts.com\/de\/fjord\/#breadcrumb","itemListElement":[{"@type":"ListItem","position":1,"name":"Home","item":"https:\/\/www.mariventyachts.com\/de\/b\/"},{"@type":"ListItem","position":2,"name":"Fjord"}]},{"@type":"WebSite","@id":"https:\/\/www.mariventyachts.com\/#website","url":"https:\/\/www.mariventyachts.com\/","name":"Marivent Yachts","description":"","publisher":{"@id":"https:\/\/www.mariventyachts.com\/#organization"},"potentialAction":[{"@type":"SearchAction","target":{"@type":"EntryPoint","urlTemplate":"https:\/\/www.mariventyachts.com\/?s={search_term_string}"},"query-input":{"@type":"PropertyValueSpecification","valueRequired":true,"valueName":"search_term_string"}}],"inLanguage":"de"},{"@type":"Organization","@id":"https:\/\/www.mariventyachts.com\/#organization","name":"Marivent Yachts","url":"https:\/\/www.mariventyachts.com\/","logo":{"@type":"ImageObject","inLanguage":"de","@id":"https:\/\/www.mariventyachts.com\/#\/schema\/logo\/image\/","url":"https:\/\/www.mariventyachts.com\/wp-content\/uploads\/2024\/03\/marivent-site-icon.jpg","contentUrl":"https:\/\/www.mariventyachts.com\/wp-content\/uploads\/2024\/03\/marivent-site-icon.jpg","width":512,"height":512,"caption":"Marivent Yachts"},"image":{"@id":"https:\/\/www.mariventyachts.com\/#\/schema\/logo\/image\/"},"sameAs":["https:\/\/www.facebook.com\/mariventyachts\/","https:\/\/www.instagram.com\/mariventyachts\/"]}]}},"_links":{"self":[{"href":"https:\/\/www.mariventyachts.com\/de\/wp-json\/wp\/v2\/pages\/4573","targetHints":{"allow":["GET"]}}],"collection":[{"href":"https:\/\/www.mariventyachts.com\/de\/wp-json\/wp\/v2\/pages"}],"about":[{"href":"https:\/\/www.mariventyachts.com\/de\/wp-json\/wp\/v2\/types\/page"}],"author":[{"embeddable":true,"href":"https:\/\/www.mariventyachts.com\/de\/wp-json\/wp\/v2\/users\/1"}],"replies":[{"embeddable":true,"href":"https:\/\/www.mariventyachts.com\/de\/wp-json\/wp\/v2\/comments?post=4573"}],"version-history":[{"count":1,"href":"https:\/\/www.mariventyachts.com\/de\/wp-json\/wp\/v2\/pages\/4573\/revisions"}],"predecessor-version":[{"id":5012,"href":"https:\/\/www.mariventyachts.com\/de\/wp-json\/wp\/v2\/pages\/4573\/revisions\/5012"}],"wp:featuredmedia":[{"embeddable":true,"href":"https:\/\/www.mariventyachts.com\/de\/wp-json\/wp\/v2\/media\/381"}],"wp:attachment":[{"href":"https:\/\/www.mariventyachts.com\/de\/wp-json\/wp\/v2\/media?parent=4573"}],"wp:term":[{"taxonomy":"brand","embeddable":true,"href":"https:\/\/www.mariventyachts.com\/de\/wp-json\/wp\/v2\/brand?post=4573"},{"taxonomy":"brands-old","embeddable":true,"href":"https:\/\/www.mariventyachts.com\/de\/wp-json\/wp\/v2\/brands-old?post=4573"}],"curies":[{"name":"wp","href":"https:\/\/api.w.org\/{rel}","templated":true}]}}

<p>Jede FJORD verkörpert das Beste aus drei Welten: Skandinavischer Purismus sorgt für eine starke Optik, mediterranes Savoir vivre liefert die Inspiration für die zahlreichen luxuriösen Ausstattungsdetails, und deutsche Ingenieurskunst sorgt für herausragende Fahrdynamik, höchste Sicherheit und Zuverlässigkeit sowie eine makellose Verarbeitung. Diese einzigartige DNA hat FJORD zum Prototypen des extravaganten Motorbootes gemacht &#8211; und zu einer internationalen Design-Ikone.</p>

<p>Jede FJORD verkörpert das Beste aus drei Welten: Skandinavischer Purismus sorgt für eine starke Optik, mediterranes Savoir vivre liefert die Inspiration für die zahlreichen luxuriösen Ausstattungsdetails, und deutsche Ingenieurskunst sorgt für herausragende Fahrdynamik, höchste Sicherheit und Zuverlässigkeit sowie eine makellose Verarbeitung. Diese einzigartige DNA hat FJORD zum Prototypen des extravaganten Motorbootes gemacht &#8211; und zu&#8230;</p>

<!-- This site is optimized with the Yoast SEO plugin v27.5 - https://yoast.com/product/yoast-seo-wordpress/ -->
<title>Fjord - Marivent Yachts</title>
<meta name="robots" content="index, follow, max-snippet:-1, max-image-preview:large, max-video-preview:-1" />
<link rel="canonical" href="https://www.mariventyachts.com/de/fjord/" />
<meta property="og:locale" content="de_DE" />
<meta property="og:type" content="article" />
<meta property="og:title" content="Fjord - Marivent Yachts" />
<meta property="og:description" content="Jede FJORD verkörpert das Beste aus drei Welten: Skandinavischer Purismus sorgt für eine starke Optik, mediterranes Savoir vivre liefert die Inspiration für die zahlreichen luxuriösen Ausstattungsdetails, und deutsche Ingenieurskunst sorgt für herausragende Fahrdynamik, höchste Sicherheit und Zuverlässigkeit sowie eine makellose Verarbeitung. Diese einzigartige DNA hat FJORD zum Prototypen des extravaganten Motorbootes gemacht &#8211; und zu..." />
<meta property="og:url" content="https://www.mariventyachts.com/de/fjord/" />
<meta property="og:site_name" content="Marivent Yachts" />
<meta property="article:publisher" content="https://www.facebook.com/mariventyachts/" />
<meta property="article:modified_time" content="2024-12-02T17:35:45+00:00" />
<meta property="og:image" content="https://www.mariventyachts.com/wp-content/uploads/2024/03/fjord-mallorca-logo-2.png" />
	<meta property="og:image:width" content="575" />
	<meta property="og:image:height" content="142" />
	<meta property="og:image:type" content="image/png" />
<meta name="twitter:card" content="summary_large_image" />
<script type="application/ld+json" class="yoast-schema-graph">{"@context":"https:\/\/schema.org","@graph":[{"@type":"WebPage","@id":"https:\/\/www.mariventyachts.com\/de\/fjord\/","url":"https:\/\/www.mariventyachts.com\/de\/fjord\/","name":"Fjord - Marivent Yachts","isPartOf":{"@id":"https:\/\/www.mariventyachts.com\/#website"},"primaryImageOfPage":{"@id":"https:\/\/www.mariventyachts.com\/de\/fjord\/#primaryimage"},"image":{"@id":"https:\/\/www.mariventyachts.com\/de\/fjord\/#primaryimage"},"thumbnailUrl":"https:\/\/www.mariventyachts.com\/wp-content\/uploads\/2024\/03\/fjord-mallorca-logo-2.png","datePublished":"2024-08-09T11:31:15+00:00","dateModified":"2024-12-02T17:35:45+00:00","breadcrumb":{"@id":"https:\/\/www.mariventyachts.com\/de\/fjord\/#breadcrumb"},"inLanguage":"de","potentialAction":[{"@type":"ReadAction","target":["https:\/\/www.mariventyachts.com\/de\/fjord\/"]}]},{"@type":"ImageObject","inLanguage":"de","@id":"https:\/\/www.mariventyachts.com\/de\/fjord\/#primaryimage","url":"https:\/\/www.mariventyachts.com\/wp-content\/uploads\/2024\/03\/fjord-mallorca-logo-2.png","contentUrl":"https:\/\/www.mariventyachts.com\/wp-content\/uploads\/2024\/03\/fjord-mallorca-logo-2.png","width":575,"height":142},{"@type":"BreadcrumbList","@id":"https:\/\/www.mariventyachts.com\/de\/fjord\/#breadcrumb","itemListElement":[{"@type":"ListItem","position":1,"name":"Home","item":"https:\/\/www.mariventyachts.com\/de\/b\/"},{"@type":"ListItem","position":2,"name":"Fjord"}]},{"@type":"WebSite","@id":"https:\/\/www.mariventyachts.com\/#website","url":"https:\/\/www.mariventyachts.com\/","name":"Marivent Yachts","description":"","publisher":{"@id":"https:\/\/www.mariventyachts.com\/#organization"},"potentialAction":[{"@type":"SearchAction","target":{"@type":"EntryPoint","urlTemplate":"https:\/\/www.mariventyachts.com\/?s={search_term_string}"},"query-input":{"@type":"PropertyValueSpecification","valueRequired":true,"valueName":"search_term_string"}}],"inLanguage":"de"},{"@type":"Organization","@id":"https:\/\/www.mariventyachts.com\/#organization","name":"Marivent Yachts","url":"https:\/\/www.mariventyachts.com\/","logo":{"@type":"ImageObject","inLanguage":"de","@id":"https:\/\/www.mariventyachts.com\/#\/schema\/logo\/image\/","url":"https:\/\/www.mariventyachts.com\/wp-content\/uploads\/2024\/03\/marivent-site-icon.jpg","contentUrl":"https:\/\/www.mariventyachts.com\/wp-content\/uploads\/2024\/03\/marivent-site-icon.jpg","width":512,"height":512,"caption":"Marivent Yachts"},"image":{"@id":"https:\/\/www.mariventyachts.com\/#\/schema\/logo\/image\/"},"sameAs":["https:\/\/www.facebook.com\/mariventyachts\/","https:\/\/www.instagram.com\/mariventyachts\/"]}]}</script>
<!-- / Yoast SEO plugin. -->

Jede FJORD verkörpert das Beste aus drei Welten: Skandinavischer Purismus sorgt für eine starke Optik, mediterranes Savoir vivre liefert die Inspiration für die zahlreichen luxuriösen Ausstattungsdetails, und deutsche Ingenieurskunst sorgt für herausragende Fahrdynamik, höchste Sicherheit und Zuverlässigkeit sowie eine makellose Verarbeitung. Diese einzigartige DNA hat FJORD zum Prototypen des extravaganten Motorbootes gemacht &#8211; und zu...
